{"id":9,"date":"2018-10-27T21:34:48","date_gmt":"2018-10-27T19:34:48","guid":{"rendered":"http:\/\/ldrh.fr\/?page_id=9"},"modified":"2021-05-03T12:14:33","modified_gmt":"2021-05-03T10:14:33","slug":"contact","status":"publish","type":"page","link":"https:\/\/ldrh.fr\/index.php\/contact\/","title":{"rendered":"Contacter LD.RH Conseil"},"content":{"rendered":"\n<figure class=\"wp-block-image is-resized is-style-rounded\"><img loading=\"lazy\" decoding=\"async\" src=\"https:\/\/ldrh.fr\/wp-content\/uploads\/2018\/03\/rawpixel-com-351765.jpg\" alt=\"\" class=\"wp-image-289\" width=\"1321\" height=\"930\"\/><\/figure>\n\n\n<h4>T\u00e9l\u00e9phone<\/h4>\n<p>+33 (0)6 69 67 65 64<\/p>\n<h4><a href=\"mailto:contact@ldrh.fr ?subject=demande info\">Adresse mail<\/a><\/h4>\n<p>contact@ldrh.fr<\/p>\n<h4>Contact<\/h4>\n<p><strong>Laurence Derache<\/strong><\/p>\n<p>Directrice &#8211; Consultante ind\u00e9pendante<\/p>\n<h4>Localisation<\/h4>\n<p><a href=\"https:\/\/www.google.fr\/maps\/place\/Lille-Centre,+Lille\/@50.6614638,3.1054864,10.75z\/data=!4m5!3m4!1s0x47c2d59a2b3fa653:0x1aaf5c625712dace!8m2!3d50.6313675!4d3.0654478?hl=fr&amp;authuser=0\">Lille et sa r\u00e9gion<\/a><\/p>\n\n\n<p class=\"wp-block-paragraph\"><\/p>\n","protected":false},"excerpt":{"rendered":"<p>T\u00e9l\u00e9phone +33 (0)6 69 67 65 64 Adresse mail contact@ldrh.fr Contact Laurence Derache Directrice &#8211; Consultante ind\u00e9pendante Localisation Lille et sa r\u00e9gion<\/p>\n","protected":false},"author":1,"featured_media":0,"parent":0,"menu_order":0,"comment_status":"closed","ping_status":"closed","template":"","meta":{"_crdt_document":"","footnotes":""},"class_list":["post-9","page","type-page","status-publish","hentry"],"_links":{"self":[{"href":"https:\/\/ldrh.fr\/index.php\/wp-json\/wp\/v2\/pages\/9","targetHints":{"allow":["GET"]}}],"collection":[{"href":"https:\/\/ldrh.fr\/index.php\/wp-json\/wp\/v2\/pages"}],"about":[{"href":"https:\/\/ldrh.fr\/index.php\/wp-json\/wp\/v2\/types\/page"}],"author":[{"embeddable":true,"href":"https:\/\/ldrh.fr\/index.php\/wp-json\/wp\/v2\/users\/1"}],"replies":[{"embeddable":true,"href":"https:\/\/ldrh.fr\/index.php\/wp-json\/wp\/v2\/comments?post=9"}],"version-history":[{"count":14,"href":"https:\/\/ldrh.fr\/index.php\/wp-json\/wp\/v2\/pages\/9\/revisions"}],"predecessor-version":[{"id":1012,"href":"https:\/\/ldrh.fr\/index.php\/wp-json\/wp\/v2\/pages\/9\/revisions\/1012"}],"wp:attachment":[{"href":"https:\/\/ldrh.fr\/index.php\/wp-json\/wp\/v2\/media?parent=9"}],"curies":[{"name":"wp","href":"https:\/\/api.w.org\/{rel}","templated":true}]}}